{"id":53,"date":"2011-02-15T09:06:26","date_gmt":"2011-02-15T09:06:26","guid":{"rendered":"http:\/\/www.nossanljusfestival.se\/wp\/?page_id=53"},"modified":"2026-01-17T16:15:50","modified_gmt":"2026-01-17T15:15:50","slug":"program","status":"publish","type":"page","link":"https:\/\/www.nossanljusfestival.se\/wp\/?page_id=53","title":{"rendered":"Tider &#038; Program"},"content":{"rendered":"\t\t<div data-elementor-type=\"wp-page\" data-elementor-id=\"53\" class=\"elementor elementor-53\">\n\t\t\t\t<div class=\"elementor-element elementor-element-ef50263 e-con-full e-flex e-con e-parent\" data-id=\"ef50263\" data-element_type=\"container\">\n\t\t\t\t<div class=\"elementor-element elementor-element-212c005 elementor-widget elementor-widget-heading\" data-id=\"212c005\" data-element_type=\"widget\" data-widget_type=\"heading.default\">\n\t\t\t\t<div class=\"elementor-widget-container\">\n\t\t\t\t\t<h3 class=\"elementor-heading-title elementor-size-default\">\u00c5rets ljusfestival g\u00e5r av stapeln 2-10 Oktober! <br><br><br>H\u00e4r kan du bl\u00e4ddra i f\u00f6rra \u00e5rets programblad!<\/h3>\t\t\t\t<\/div>\n\t\t\t\t<\/div>\n\t\t\t\t<\/div>\n\t\t<div class=\"elementor-element elementor-element-1310eca e-con-full e-flex e-con e-parent\" data-id=\"1310eca\" data-element_type=\"container\">\n\t\t\t\t<div class=\"elementor-element elementor-element-0ba8d15 elementor-widget elementor-widget-wp-widget-custom_html\" data-id=\"0ba8d15\" data-element_type=\"widget\" data-widget_type=\"wp-widget-custom_html.default\">\n\t\t\t\t<div class=\"elementor-widget-container\">\n\t\t\t\t\t<div class=\"textwidget custom-html-widget\"><div class=\"_df_book df-lite\" id=\"df_3323\"  _slug=\"\" data-title=\"\" wpoptions=\"true\" thumb=\"https:\/\/www.nossanljusfestival.se\/wp\/wp-content\/uploads\/2025\/06\/Nossan-ljusfestival-2025-1k.png\" thumbtype=\"\" ><\/div><script class=\"df-shortcode-script\" nowprocket type=\"application\/javascript\">window.option_df_3323 = {\"outline\":[],\"autoEnableOutline\":\"false\",\"autoEnableThumbnail\":\"false\",\"overwritePDFOutline\":\"false\",\"direction\":\"1\",\"pageSize\":\"0\",\"source\":[\"https:\\\/\\\/www.nossanljusfestival.se\\\/wp\\\/wp-content\\\/uploads\\\/2025\\\/06\\\/Nossan-ljusfestival-2025-1k.png\",\"https:\\\/\\\/www.nossanljusfestival.se\\\/wp\\\/wp-content\\\/uploads\\\/2025\\\/06\\\/Nossan-ljusfestival-2025-3k.png\",\"https:\\\/\\\/www.nossanljusfestival.se\\\/wp\\\/wp-content\\\/uploads\\\/2025\\\/06\\\/Nossan-ljusfestival-2025-2k.png\",\"https:\\\/\\\/www.nossanljusfestival.se\\\/wp\\\/wp-content\\\/uploads\\\/2025\\\/06\\\/Nossan-ljusfestival-2025-4k.png\",\"https:\\\/\\\/www.nossanljusfestival.se\\\/wp\\\/wp-content\\\/uploads\\\/2025\\\/06\\\/Nossan-ljusfestival-2025-6k.png\",\"https:\\\/\\\/www.nossanljusfestival.se\\\/wp\\\/wp-content\\\/uploads\\\/2025\\\/06\\\/Nossan-ljusfestival-2025-5k.png\"],\"wpOptions\":\"true\",\"links\":[[],[],[],[],[],[],[]]}; if(window.DFLIP && window.DFLIP.parseBooks){window.DFLIP.parseBooks();}<\/script><\/div>\t\t\t\t<\/div>\n\t\t\t\t<\/div>\n\t\t\t\t<\/div>\n\t\t\t\t<\/div>\n\t\t","protected":false},"excerpt":{"rendered":"<p>\u00c5rets ljusfestival g\u00e5r av stapeln 2-10 Oktober! H\u00e4r kan du bl\u00e4ddra i f\u00f6rra \u00e5rets programblad!<\/p>\n","protected":false},"author":4,"featured_media":0,"parent":0,"menu_order":0,"comment_status":"closed","ping_status":"open","template":"","meta":{"ngg_post_thumbnail":0,"_mc_calendar":[],"footnotes":""},"class_list":["post-53","page","type-page","status-publish","hentry"],"_links":{"self":[{"href":"https:\/\/www.nossanljusfestival.se\/wp\/index.php?rest_route=\/wp\/v2\/pages\/53","targetHints":{"allow":["GET"]}}],"collection":[{"href":"https:\/\/www.nossanljusfestival.se\/wp\/index.php?rest_route=\/wp\/v2\/pages"}],"about":[{"href":"https:\/\/www.nossanljusfestival.se\/wp\/index.php?rest_route=\/wp\/v2\/types\/page"}],"author":[{"embeddable":true,"href":"https:\/\/www.nossanljusfestival.se\/wp\/index.php?rest_route=\/wp\/v2\/users\/4"}],"replies":[{"embeddable":true,"href":"https:\/\/www.nossanljusfestival.se\/wp\/index.php?rest_route=%2Fwp%2Fv2%2Fcomments&post=53"}],"version-history":[{"count":184,"href":"https:\/\/www.nossanljusfestival.se\/wp\/index.php?rest_route=\/wp\/v2\/pages\/53\/revisions"}],"predecessor-version":[{"id":3376,"href":"https:\/\/www.nossanljusfestival.se\/wp\/index.php?rest_route=\/wp\/v2\/pages\/53\/revisions\/3376"}],"wp:attachment":[{"href":"https:\/\/www.nossanljusfestival.se\/wp\/index.php?rest_route=%2Fwp%2Fv2%2Fmedia&parent=53"}],"curies":[{"name":"wp","href":"https:\/\/api.w.org\/{rel}","templated":true}]}}

<div data-elementor-type="wp-page" data-elementor-id="53" class="elementor elementor-53">
				<div class="elementor-element elementor-element-ef50263 e-con-full e-flex e-con e-parent" data-id="ef50263" data-element_type="container">
				<div class="elementor-element elementor-element-212c005 elementor-widget elementor-widget-heading" data-id="212c005" data-element_type="widget" data-widget_type="heading.default">
				<div class="elementor-widget-container">
					<h3 class="elementor-heading-title elementor-size-default">Årets ljusfestival går av stapeln 2-10 Oktober! <br><br><br>Här kan du bläddra i förra årets programblad!</h3>				</div>
				</div>
				</div>
		<div class="elementor-element elementor-element-1310eca e-con-full e-flex e-con e-parent" data-id="1310eca" data-element_type="container">
				<div class="elementor-element elementor-element-0ba8d15 elementor-widget elementor-widget-wp-widget-custom_html" data-id="0ba8d15" data-element_type="widget" data-widget_type="wp-widget-custom_html.default">
				<div class="elementor-widget-container">
					<div class="textwidget custom-html-widget"><div class="_df_book df-lite" id="df_3323"  _slug="" data-title="" wpoptions="true" thumb="https://www.nossanljusfestival.se/wp/wp-content/uploads/2025/06/Nossan-ljusfestival-2025-1k.png" thumbtype="" ></div><script class="df-shortcode-script" nowprocket type="application/javascript">window.option_df_3323 = {"outline":[],"autoEnableOutline":"false","autoEnableThumbnail":"false","overwritePDFOutline":"false","direction":"1","pageSize":"0","source":["https:\/\/www.nossanljusfestival.se\/wp\/wp-content\/uploads\/2025\/06\/Nossan-ljusfestival-2025-1k.png","https:\/\/www.nossanljusfestival.se\/wp\/wp-content\/uploads\/2025\/06\/Nossan-ljusfestival-2025-3k.png","https:\/\/www.nossanljusfestival.se\/wp\/wp-content\/uploads\/2025\/06\/Nossan-ljusfestival-2025-2k.png","https:\/\/www.nossanljusfestival.se\/wp\/wp-content\/uploads\/2025\/06\/Nossan-ljusfestival-2025-4k.png","https:\/\/www.nossanljusfestival.se\/wp\/wp-content\/uploads\/2025\/06\/Nossan-ljusfestival-2025-6k.png","https:\/\/www.nossanljusfestival.se\/wp\/wp-content\/uploads\/2025\/06\/Nossan-ljusfestival-2025-5k.png"],"wpOptions":"true","links":[[],[],[],[],[],[],[]]}; if(window.DFLIP && window.DFLIP.parseBooks){window.DFLIP.parseBooks();}</script></div>				</div>
				</div>
				</div>
				</div>

<p>Årets ljusfestival går av stapeln 2-10 Oktober! Här kan du bläddra i förra årets programblad!</p>
